{"id":125,"date":"2015-07-14T11:03:54","date_gmt":"2015-07-14T11:03:54","guid":{"rendered":"http:\/\/www.ls.haw-hamburg.de\/~ob-serve\/?page_id=125"},"modified":"2015-07-16T13:17:42","modified_gmt":"2015-07-16T13:17:42","slug":"kpb-mettmann","status":"publish","type":"page","link":"https:\/\/www.ls.haw-hamburg.de\/~ob-serve\/?page_id=125","title":{"rendered":"KPB &#8211; Mettmann"},"content":{"rendered":"<p>Das Geb\u00e4ude der Kreispolizeibeh\u00f6rde Mettmann (KPBM) wurde im Jahr 2005 fertiggestellt und beherbergt ca. 250 Arbeitspl\u00e4tze, wobei es sich hierbei gr\u00f6\u00dftenteils um B\u00fcroarbeitspl\u00e4tze handelt. Weitere funktionale Bereiche des Geb\u00e4udes sind die Leitstelle, Inhaftierungszellen und Lagerbereiche.<\/p>\n<p><img loading=\"lazy\" decoding=\"async\" class=\"aligncenter wp-image-164 size-medium\" src=\"http:\/\/www.ls.haw-hamburg.de\/~ob-serve\/wp-content\/uploads\/DSC00548-300x225.jpg\" alt=\"DSC00548\" width=\"300\" height=\"225\" srcset=\"https:\/\/www.ls.haw-hamburg.de\/~ob-serve\/wp-content\/uploads\/DSC00548-300x225.jpg 300w, https:\/\/www.ls.haw-hamburg.de\/~ob-serve\/wp-content\/uploads\/DSC00548-1024x768.jpg 1024w, https:\/\/www.ls.haw-hamburg.de\/~ob-serve\/wp-content\/uploads\/DSC00548-400x300.jpg 400w\" sizes=\"auto, (max-width: 300px) 100vw, 300px\" \/>Die Nettogeschossfl\u00e4che betr\u00e4gt 5.839 m\u00b2. Die B\u00fcroarbeitspl\u00e4tze werden durch thermoaktive Bauteilsysteme (TABS) wie Betonkernaktivierung und Randstreifenelemente konditioniert. Sondernutzungsbereiche werden zus\u00e4tzlich maschinell mit Frischluft versorgt. Die W\u00e4rme- und K\u00e4lteversorgung erfolgt durch unterschiedliche Technologien. Es ist ein Geothermiefeld vorhanden, das auf eine \u00dcbertragungsleitung von 115 kW ausgelegt ist. Die W\u00e4rmepumpe kann hierdurch eine Heizleistung von 167 kW und eine K\u00fchlleistung von 127 kW bereitstellen.<br \/>\nEin BHKW stellt eine thermische Leistung von 240 kW bei einer elektrischen Leistung von 122 kW bereit. Zur Abdeckung von w\u00e4rmeseitigen Spitzenlastanforderungen ist ein Spitzenlastkessel vorhanden, mit einer Maximalleistung von 130 kW. F\u00fcr die Abdeckung von k\u00e4lteseitigen Spitzenlasten ist eine zweistufige Kompressionsk\u00e4ltemaschine vorhanden, mit einer maximalen K\u00e4lteleistung von 82 kW.<\/p>\n","protected":false},"excerpt":{"rendered":"<p>Das Geb\u00e4ude der Kreispolizeibeh\u00f6rde Mettmann (KPBM) wurde im Jahr 2005 fertiggestellt und beherbergt ca. 250 Arbeitspl\u00e4tze, wobei es sich hierbei gr\u00f6\u00dftenteils um B\u00fcroarbeitspl\u00e4tze handelt. Weitere funktionale Bereiche des Geb\u00e4udes sind die Leitstelle, Inhaftierungszellen und Lagerbereiche. Die Nettogeschossfl\u00e4che betr\u00e4gt 5.839 m\u00b2. &hellip; <a href=\"https:\/\/www.ls.haw-hamburg.de\/~ob-serve\/?page_id=125\">Weiterlesen <span class=\"meta-nav\">&rarr;<\/span><\/a><\/p>\n","protected":false},"author":1,"featured_media":0,"parent":15,"menu_order":0,"comment_status":"closed","ping_status":"closed","template":"sidebar-page.php","meta":{"footnotes":""},"class_list":["post-125","page","type-page","status-publish","hentry"],"_links":{"self":[{"href":"https:\/\/www.ls.haw-hamburg.de\/~ob-serve\/index.php?rest_route=\/wp\/v2\/pages\/125","targetHints":{"allow":["GET"]}}],"collection":[{"href":"https:\/\/www.ls.haw-hamburg.de\/~ob-serve\/index.php?rest_route=\/wp\/v2\/pages"}],"about":[{"href":"https:\/\/www.ls.haw-hamburg.de\/~ob-serve\/index.php?rest_route=\/wp\/v2\/types\/page"}],"author":[{"embeddable":true,"href":"https:\/\/www.ls.haw-hamburg.de\/~ob-serve\/index.php?rest_route=\/wp\/v2\/users\/1"}],"replies":[{"embeddable":true,"href":"https:\/\/www.ls.haw-hamburg.de\/~ob-serve\/index.php?rest_route=%2Fwp%2Fv2%2Fcomments&post=125"}],"version-history":[{"count":8,"href":"https:\/\/www.ls.haw-hamburg.de\/~ob-serve\/index.php?rest_route=\/wp\/v2\/pages\/125\/revisions"}],"predecessor-version":[{"id":257,"href":"https:\/\/www.ls.haw-hamburg.de\/~ob-serve\/index.php?rest_route=\/wp\/v2\/pages\/125\/revisions\/257"}],"up":[{"embeddable":true,"href":"https:\/\/www.ls.haw-hamburg.de\/~ob-serve\/index.php?rest_route=\/wp\/v2\/pages\/15"}],"wp:attachment":[{"href":"https:\/\/www.ls.haw-hamburg.de\/~ob-serve\/index.php?rest_route=%2Fwp%2Fv2%2Fmedia&parent=125"}],"curies":[{"name":"wp","href":"https:\/\/api.w.org\/{rel}","templated":true}]}}